{"id":2739,"date":"2021-02-22T21:35:03","date_gmt":"2021-02-22T21:35:03","guid":{"rendered":"https:\/\/maribojazz.dk\/?page_id=2739"},"modified":"2021-02-22T21:35:03","modified_gmt":"2021-02-22T21:35:03","slug":"2020-maj","status":"publish","type":"page","link":"https:\/\/maribojazz.dk\/?page_id=2739","title":{"rendered":"2020 Maj"},"content":{"rendered":"\n<p class=\"wp-block-paragraph\"><strong>Medlemsnyt 30 maj 2020<\/strong><\/p>\n\n\n\n<p class=\"wp-block-paragraph\">K\u00e6re medlemmer af Maribo Jazz<\/p>\n\n\n\n<p class=\"wp-block-paragraph\">Nu har vi lidt status p\u00e5 hele situationen i Maribo Jazz. Som det er meldt ud i medierne, s\u00e5 har vi v\u00e6ret n\u00f8dsaget til at aflyse \u00e5rets festival. Vi er meget kede af denne situation, men den er jo aff\u00f8dt af Corona-krisen, som stadig tr\u00e6kker spor over hele landet.<\/p>\n\n\n\n<p class=\"wp-block-paragraph\">Vi synes selv, at vi havde lavet nogle fine forberedelser med booking af mange sp\u00e6ndende bands, lavet aftale med kunstner om en nyt\u00e6nkt plakat, var n\u00e6sten ved at v\u00e6re f\u00e6rdig med programmet og havde lavet diverse andre tiltag, hvor vi bl.a. havde fundet nye spillesteder. Vi satser benh\u00e5rdt p\u00e5 at vende tilbage i 2021, hvor vi ogs\u00e5 ser frem til at kunne pr\u00e6sentere en stor del af de samme orkestre. Med den s\u00e6dvanlige st\u00f8tte fra sponsorer og annonc\u00f8rer, s\u00e5 er vi fortr\u00f8stningsfulde og optimistiske.<\/p>\n\n\n\n<p class=\"wp-block-paragraph\">Men intet er s\u00e5 d\u00e5rligt, at det ikke er godt for noget! I f\u00e5r en fest! Vi har lavet en forel\u00f8big aftale med Restaurant Bangs Have om at arrangere en jazzfest&nbsp;fredag d. 6.11. Allerede nu vil det v\u00e6re fint at reservere aftenen, s\u00e5 vi kan blive rigtig mange til et brag af en fest. Men I vil h\u00f8re n\u00e6rmere.<\/p>\n\n\n\n<p class=\"wp-block-paragraph\">I Maribo er der en kreds af initiativrige unge mennesker, som til september vil indbyde til \u201dTusind Talenter Festival\u201d. Vi t\u00e6nker, at det er et sp\u00e6ndende koncept, som vi gerne vil st\u00f8tte med beskedne midler og p\u00e5 den m\u00e5de g\u00f8re de unge mennesker opm\u00e6rksomme p\u00e5 vores egen festival.<\/p>\n\n\n\n<p class=\"wp-block-paragraph\">Sommeren bliver jo noget \u201dd\u00f8d\u201d, men vi har valgt i bestyrelsen at holde m\u00f8de j\u00e6vnligt for at holde gryden i kog og udt\u00e6nke nye initiativer til n\u00e6ste \u00e5rs festival. Dette vil der ogs\u00e5 blive gjort rede for p\u00e5 \u00e5rets generalforsamling, som afholdes i slutningen af oktober m\u00e5ned, hvor vi h\u00e5ber p\u00e5 god opbakning fra jer medlemmer. Vi regner med, at kontingentet p\u00e5 kr. 100,- vil forblive u\u00e6ndret, s\u00e5 hvis I kender nogle, der kunne t\u00e6nke sig at st\u00f8tte, s\u00e5 er de hjertelig velkomne.<\/p>\n\n\n\n<p class=\"wp-block-paragraph\">I \u00f8vrigt henviser vi dels til vores hjemmeside&nbsp;<a href=\"http:\/\/www.maribojazz.dk\/\">www.maribojazz.dk<\/a>&nbsp; og dels vores side p\u00e5 Facebook, hvor der j\u00e6vnligt bringes nyheder og laves pr\u00e6sentation af orkestre.<\/p>\n\n\n\n<p class=\"wp-block-paragraph\">Ha\u2019 en god sommer, pas p\u00e5 hinanden og vi ses til Danmarks hyggeligste festival&nbsp;d. 15 \u2013 18. juli \u201921<\/p>\n\n\n\n<p class=\"wp-block-paragraph\">P\u00e5 vegne af Maribo Jazz<\/p>\n\n\n\n<p class=\"wp-block-paragraph\">Ole Brorsen<\/p>\n\n\n\n<p class=\"wp-block-paragraph\">Formand<\/p>\n","protected":false},"excerpt":{"rendered":"<p>Medlemsnyt 30 maj 2020 K\u00e6re medlemmer af Maribo Jazz Nu har vi lidt status p\u00e5 hele situationen i Maribo Jazz. [&hellip;]<\/p>\n","protected":false},"author":2,"featured_media":0,"parent":0,"menu_order":0,"comment_status":"closed","ping_status":"closed","template":"","meta":{"footnotes":""},"class_list":["post-2739","page","type-page","status-publish","hentry"],"rttpg_featured_image_url":null,"rttpg_author":{"display_name":"Steffen Andersen","author_link":"https:\/\/maribojazz.dk\/?author=2"},"rttpg_comment":0,"rttpg_category":null,"rttpg_excerpt":"Medlemsnyt 30 maj 2020 K\u00e6re medlemmer af Maribo Jazz Nu har vi lidt status p\u00e5 hele situationen i Maribo Jazz. [&hellip;]","_links":{"self":[{"href":"https:\/\/maribojazz.dk\/index.php?rest_route=\/wp\/v2\/pages\/2739","targetHints":{"allow":["GET"]}}],"collection":[{"href":"https:\/\/maribojazz.dk\/index.php?rest_route=\/wp\/v2\/pages"}],"about":[{"href":"https:\/\/maribojazz.dk\/index.php?rest_route=\/wp\/v2\/types\/page"}],"author":[{"embeddable":true,"href":"https:\/\/maribojazz.dk\/index.php?rest_route=\/wp\/v2\/users\/2"}],"replies":[{"embeddable":true,"href":"https:\/\/maribojazz.dk\/index.php?rest_route=%2Fwp%2Fv2%2Fcomments&post=2739"}],"version-history":[{"count":1,"href":"https:\/\/maribojazz.dk\/index.php?rest_route=\/wp\/v2\/pages\/2739\/revisions"}],"predecessor-version":[{"id":2740,"href":"https:\/\/maribojazz.dk\/index.php?rest_route=\/wp\/v2\/pages\/2739\/revisions\/2740"}],"wp:attachment":[{"href":"https:\/\/maribojazz.dk\/index.php?rest_route=%2Fwp%2Fv2%2Fmedia&parent=2739"}],"curies":[{"name":"wp","href":"https:\/\/api.w.org\/{rel}","templated":true}]}}

<p class="wp-block-paragraph"><strong>Medlemsnyt 30 maj 2020</strong></p>



<p class="wp-block-paragraph">Kære medlemmer af Maribo Jazz</p>



<p class="wp-block-paragraph">Nu har vi lidt status på hele situationen i Maribo Jazz. Som det er meldt ud i medierne, så har vi været nødsaget til at aflyse årets festival. Vi er meget kede af denne situation, men den er jo affødt af Corona-krisen, som stadig trækker spor over hele landet.</p>



<p class="wp-block-paragraph">Vi synes selv, at vi havde lavet nogle fine forberedelser med booking af mange spændende bands, lavet aftale med kunstner om en nytænkt plakat, var næsten ved at være færdig med programmet og havde lavet diverse andre tiltag, hvor vi bl.a. havde fundet nye spillesteder. Vi satser benhårdt på at vende tilbage i 2021, hvor vi også ser frem til at kunne præsentere en stor del af de samme orkestre. Med den sædvanlige støtte fra sponsorer og annoncører, så er vi fortrøstningsfulde og optimistiske.</p>



<p class="wp-block-paragraph">Men intet er så dårligt, at det ikke er godt for noget! I får en fest! Vi har lavet en foreløbig aftale med Restaurant Bangs Have om at arrangere en jazzfest&nbsp;fredag d. 6.11. Allerede nu vil det være fint at reservere aftenen, så vi kan blive rigtig mange til et brag af en fest. Men I vil høre nærmere.</p>



<p class="wp-block-paragraph">I Maribo er der en kreds af initiativrige unge mennesker, som til september vil indbyde til ”Tusind Talenter Festival”. Vi tænker, at det er et spændende koncept, som vi gerne vil støtte med beskedne midler og på den måde gøre de unge mennesker opmærksomme på vores egen festival.</p>



<p class="wp-block-paragraph">Sommeren bliver jo noget ”død”, men vi har valgt i bestyrelsen at holde møde jævnligt for at holde gryden i kog og udtænke nye initiativer til næste års festival. Dette vil der også blive gjort rede for på årets generalforsamling, som afholdes i slutningen af oktober måned, hvor vi håber på god opbakning fra jer medlemmer. Vi regner med, at kontingentet på kr. 100,- vil forblive uændret, så hvis I kender nogle, der kunne tænke sig at støtte, så er de hjertelig velkomne.</p>



<p class="wp-block-paragraph">I øvrigt henviser vi dels til vores hjemmeside&nbsp;<a href="http://www.maribojazz.dk/">www.maribojazz.dk</a>&nbsp; og dels vores side på Facebook, hvor der jævnligt bringes nyheder og laves præsentation af orkestre.</p>



<p class="wp-block-paragraph">Ha’ en god sommer, pas på hinanden og vi ses til Danmarks hyggeligste festival&nbsp;d. 15 – 18. juli ’21</p>



<p class="wp-block-paragraph">På vegne af Maribo Jazz</p>



<p class="wp-block-paragraph">Ole Brorsen</p>



<p class="wp-block-paragraph">Formand</p>

<p>Medlemsnyt 30 maj 2020 Kære medlemmer af Maribo Jazz Nu har vi lidt status på hele situationen i Maribo Jazz. [&hellip;]</p>

Medlemsnyt 30 maj 2020 Kære medlemmer af Maribo Jazz Nu har vi lidt status på hele situationen i Maribo Jazz. [&hellip;]
